{"id":4530,"date":"2022-01-19T19:13:24","date_gmt":"2022-01-19T18:13:24","guid":{"rendered":"https:\/\/cacahuetecomunicacion.com\/?page_id=4530"},"modified":"2024-02-01T11:52:43","modified_gmt":"2024-02-01T10:52:43","slug":"ecommerce","status":"publish","type":"page","link":"https:\/\/cacahuetecomunicacion.com\/blog\/ecommerce\/","title":{"rendered":"Ecommerce"},"content":{"rendered":"<p>[et_pb_section fb_built=\u00bb1&#8243; _builder_version=\u00bb4.19.3&#8243; _module_preset=\u00bbdefault\u00bb background_color=\u00bb#f9f9f9&#8243; custom_padding=\u00bb34px||19px|||\u00bb global_colors_info=\u00bb{}\u00bb][et_pb_row _builder_version=\u00bb4.19.3&#8243; _module_preset=\u00bbdefault\u00bb global_colors_info=\u00bb{}\u00bb][et_pb_column type=\u00bb4_4&#8243; _builder_version=\u00bb4.19.3&#8243; _module_preset=\u00bbdefault\u00bb global_colors_info=\u00bb{}\u00bb][et_pb_text admin_label=\u00bbText\u00bb _builder_version=\u00bb4.19.3&#8243; header_text_align=\u00bbcenter\u00bb header_text_color=\u00bb#3E1980&#8243; header_font_size=\u00bb94px\u00bb background_size=\u00bbinitial\u00bb background_position=\u00bbtop_left\u00bb background_repeat=\u00bbrepeat\u00bb hover_enabled=\u00bb0&#8243; global_colors_info=\u00bb{}\u00bb sticky_enabled=\u00bb0&#8243;]<\/p>\n<h1>ECOMMERCE<\/h1>\n<p><img decoding=\"async\" loading=\"lazy\" src=\"https:\/\/cacahuetecomunicacion.com\/blog\/wp-content\/uploads\/2024\/02\/CONBANDERA_KITDIGITAL.png\" width=\"3252\" height=\"303\" alt=\"\" class=\"wp-image-4702 aligncenter size-full\" srcset=\"https:\/\/cacahuetecomunicacion.com\/blog\/wp-content\/uploads\/2024\/02\/CONBANDERA_KITDIGITAL.png 3252w, https:\/\/cacahuetecomunicacion.com\/blog\/wp-content\/uploads\/2024\/02\/CONBANDERA_KITDIGITAL-480x45.png 480w\" sizes=\"(min-width: 0px) and (max-width: 480px) 480px, (min-width: 481px) 3252px, 100vw\" \/><\/p>\n<p style=\"text-align: center;\"><strong><\/strong><\/p>\n<p style=\"text-align: center;\"><strong>\u00bfQUIERES VENDER EN INTERNET?<\/strong><\/p>\n<p style=\"text-align: center;\"><strong>Comercio electr\u00f3nico<\/strong><\/p>\n<p style=\"text-align: center;\">\u00bfHas aterrizado en Internet para vender tus productos o servicios? En Cacahuete Comunicaci\u00f3n somos conscientes de la puerta que se ha abierto con el e-commerce. Hacemos tiendas online a medida con procesos automatizados para que vender en Internet sea m\u00e1s f\u00e1cil.<\/p>\n<p style=\"text-align: center;\">Precios desde 3.000 euros<\/p>\n<div class=\"d-flex\"><\/div>\n<p>[\/et_pb_text][\/et_pb_column][\/et_pb_row][\/et_pb_section][et_pb_section fb_built=\u00bb1&#8243; admin_label=\u00bbsection\u00bb _builder_version=\u00bb4.16&#8243; global_colors_info=\u00bb{}\u00bb][et_pb_row admin_label=\u00bbrow\u00bb _builder_version=\u00bb4.16&#8243; background_size=\u00bbinitial\u00bb background_position=\u00bbtop_left\u00bb background_repeat=\u00bbrepeat\u00bb custom_padding=\u00bb||0px|||\u00bb global_colors_info=\u00bb{}\u00bb][et_pb_column type=\u00bb4_4&#8243; _builder_version=\u00bb4.16&#8243; custom_padding=\u00bb|||\u00bb global_colors_info=\u00bb{}\u00bb custom_padding__hover=\u00bb|||\u00bb][et_pb_text _builder_version=\u00bb4.19.3&#8243; _module_preset=\u00bbdefault\u00bb global_colors_info=\u00bb{}\u00bb]<\/p>\n<p>Ofrecemos la posibilidad de ampliar sus posibilidades de venta, llegando a un p\u00fablico tremendamente m\u00e1s amplio gracias al hecho de que, a trav\u00e9s de tu p\u00e1gina web, cualquier usuario del planeta podr\u00e1 adquirir lo que ofreces.<br \/>Objetivos que nos marcamos para que tu e-commerce sea exitoso:<\/p>\n<ul>\n<li><strong>Posicionamiento<\/strong>: un buen SEO es clave para que tu e-commerce sea exitoso. Principalmente porque su finalidad es lograr que tu empresa aparezca bien posicionada en todos los buscadores de Internet, por lo que quienes te busquen a ti o t\u00e9rminos relacionados con lo que ofreces en tu web, te encontrar\u00e1n con mayor probabilidad. Adem\u00e1s, el mejor posicionamiento te har\u00e1 estar por encima de tu competencia, lo que generar\u00e1 un plus de confianza hacia el usuario que busca los contenidos de tu web<\/li>\n<li><strong>Ideas estructuradas<\/strong>: nos encargamos de dar forma a todo lo que ofreces en tu e-commerce, de manera sencilla e intuitiva, para que el usuario no recorra el proceso de compra con distracciones o de una manera engorrosa<br \/><strong><\/strong><\/li>\n<li><strong>Ejecuci\u00f3n del proceso de compra<\/strong>: es fundamental que todas nuestras propuestas en la web se puedan ejecutar y, en el caso del e-commerce, todo ello deriva a un desenlace exitoso en el proceso de compra, que no debe resultar pesado para el usuario ni tener errores. Una p\u00e1gina que no cumple este requisito o con una usabilidad compleja provocar\u00e1 rechazo al usuario la pr\u00f3xima vez que busque lo que ofrecemos<br \/><strong><\/strong><\/li>\n<li><strong>Identidad en tu dise\u00f1o:<\/strong> nos encargamos de realizar un dise\u00f1o profesional, acorde a lo que quieres vender. Nuestro equipo analizar\u00e1 tus caracter\u00edsticas, tus se\u00f1as de identidad y el producto o servicio que pones en el mercado para crear tu imagen ante el mundo<\/li>\n<li><strong>Stock y precios actualizados<\/strong>: la web de tu e-commerce debe estar en todo momento actualizada, tanto en los productos que se ofrecen como en sus precios, para que los usuarios que accedan a ella no se encuentren con desagradables sorpresas en forma de productos que ya no est\u00e1n en stock, de ofertas\/promociones caducadas, de precios incorrectos o que t\u00fa mismo no ofrezcas un producto o servicio que tienes disponible y que no has subido a tu web<\/li>\n<li><strong>Satisfacci\u00f3n de los clientes:<\/strong> tu e-commerce debe ofrecer la mayor cantidad de comodidades al usuario que accede a \u00e9l, en diversos aspectos: m\u00e9todos de pago (para que nadie abandone el proceso de compra), adaptabilidad a todos los dispositivos m\u00f3viles y soporte al cliente (e-mail, WhatsApp, redes sociales, ayuda en web\u2026). Si lo necesitas, te ayudamos en dichos procesos. Adem\u00e1s, podremos gestionar la informaci\u00f3n de tus clientes a trav\u00e9s de CRM, bases de datos con sus caracter\u00edsticas principales y comportamientos de compra<\/li>\n<li><strong>Seguridad:<\/strong> el proceso de compra en tu e-commerce debe ser fiable al 100%. Sabemos que esta es una de las principales preocupaciones tanto de empresas como de clientes y por eso nos encargamos siempre de comprobar que no haya problemas de seguridad y que todos los procesos se puedan realizar sin problemas. Un cliente satisfecho es un cliente que volver\u00e1 a tu e-commerce<\/li>\n<\/ul>\n<p><strong>Algunos de nuestros clientes:<\/strong><\/p>\n<p>[\/et_pb_text][et_pb_text _builder_version=\u00bb4.19.3&#8243; _module_preset=\u00bbdefault\u00bb global_colors_info=\u00bb{}\u00bb]<\/p>\n<div class=\"d-flex\"><a href=\"https:\/\/www.facebook.com\/AUDI-Serramovil-ELCHE-Olezamovil-ORIHUELA-Elmovil-ELDA-PETRER-1595660377141351\/\" target=\"_blank\" rel=\"noopener\"><img decoding=\"async\" src=\"http:\/\/cacahuetecomunicacion.com\/blog\/wp-content\/uploads\/2017\/04\/audi-1.png\" width=\"\" \/><\/a><br \/>\n<a href=\"https:\/\/www.facebook.com\/VolkswagenElcheOrihuelaEldaPetrer\/\" target=\"_blank\" rel=\"noopener\"><img decoding=\"async\" src=\"http:\/\/cacahuetecomunicacion.com\/blog\/wp-content\/uploads\/2017\/04\/logo-vw.jpg\" width=\"\" \/><\/a><br \/>\n<a href=\"https:\/\/www.facebook.com\/skodaremeicaralicante\/\" target=\"_blank\" rel=\"noopener\"><img decoding=\"async\" src=\"http:\/\/cacahuetecomunicacion.com\/blog\/wp-content\/uploads\/2017\/04\/logo-skoda.jpg\" width=\"\" \/><\/a><br \/>\n<a href=\"https:\/\/www.facebook.com\/SEAT-Serrauto-ELCHE-TORREVIEJA-SANTA-POLA-Olezamotor-ORIHUELA-440148562993313\/\" target=\"_blank\" rel=\"noopener\"><img decoding=\"async\" src=\"http:\/\/cacahuetecomunicacion.com\/blog\/wp-content\/uploads\/2017\/04\/logo-seat.png\" width=\"\" \/><\/a><br \/>\n<a href=\"https:\/\/www.facebook.com\/Volkswagen-Veh%C3%ADculos-Comerciales-Serramovil-ELCHE-ORIHUELA-ELDA-PETRER-174373909745595\/\" target=\"_blank\" rel=\"noopener\"><img decoding=\"async\" src=\"http:\/\/cacahuetecomunicacion.com\/blog\/wp-content\/uploads\/2017\/04\/logo-vw-comerciales.png\" width=\"\" \/><\/a><\/div>\n<div class=\"d-flex\"><a href=\"https:\/\/www.yamaha-motor.eu\/es\/index.aspx#\" target=\"_blank\" rel=\"noopener\"><img decoding=\"async\" src=\"http:\/\/cacahuetecomunicacion.com\/blog\/wp-content\/uploads\/2018\/02\/logos_clientes_yamaha.jpg\" width=\"\" \/><\/a><br \/>\n<a href=\"https:\/\/www.zeniaboulevard.es\" target=\"_blank\" rel=\"noopener\"><img decoding=\"async\" src=\"https:\/\/cacahuetecomunicacion.com\/blog\/wp-content\/uploads\/2020\/01\/Zenia-Logo2.jpg\" width=\"\" \/><\/a><br \/>\n<a href=\"http:\/\/oxizonia.com\/\" target=\"_blank\" rel=\"noopener\"><img decoding=\"async\" src=\"http:\/\/cacahuetecomunicacion.com\/blog\/wp-content\/uploads\/2018\/02\/logos_clientes_oxizonia.jpg\" width=\"\" \/><\/a><br \/>\n<a href=\"https:\/\/www.urbaser.com\/\" target=\"_blank\" rel=\"noopener\"><img decoding=\"async\" src=\"https:\/\/cacahuetecomunicacion.com\/blog\/wp-content\/uploads\/2020\/01\/Logo-Urbaser-OK.jpg\" width=\"\" \/><\/a><br \/>\n<a href=\"https:\/\/www.feria-alicante.com\" target=\"_blank\" rel=\"noopener\"><img decoding=\"async\" src=\"https:\/\/cacahuetecomunicacion.com\/blog\/wp-content\/uploads\/2020\/01\/IFA-logo.png\" width=\"\" \/><\/a><\/div>\n<p>[\/et_pb_text][\/et_pb_column][\/et_pb_row][\/et_pb_section]<\/p>\n","protected":false},"excerpt":{"rendered":"<p>ECOMMERCE \u00bfQUIERES VENDER EN INTERNET? Comercio electr\u00f3nico \u00bfHas aterrizado en Internet para vender tus productos o servicios? En Cacahuete Comunicaci\u00f3n somos conscientes de la puerta que se ha abierto con el e-commerce. Hacemos tiendas online a medida con procesos automatizados para que vender en Internet sea m\u00e1s f\u00e1cil. Precios desde 3.000 euros Ofrecemos la posibilidad [&hellip;]<\/p>\n","protected":false},"author":1,"featured_media":0,"parent":0,"menu_order":0,"comment_status":"open","ping_status":"open","template":"","meta":{"_et_pb_use_builder":"on","_et_pb_old_content":"[vc_row][vc_column][trx_section bg_color=\"#363842\"][trx_block align=\"center\"][trx_content top=\"50px\" bottom=\"2.5em\"][trx_title align=\"center\" color=\"#ffffff\" weight=\"700\"]\r\n<p style=\"text-align: center;\"><span style=\"font-weight: 400;\"><strong>\u00bfQuieres vender en Internet?<\/strong><\/span><\/p>\r\n[\/trx_title][trx_highlight type=\"0\" color=\"#ffffff\" size=\"18\"]\r\n<p style=\"text-align: center;\"><strong>Comercio electr\u00f3nico<\/strong><\/p>\r\n<p style=\"text-align: center;\"><span style=\"font-weight: 400;\">\u00bfHas aterrizado en Internet para vender tus productos o servicios? En Cacahuete Comunicaci\u00f3n somos conscientes de la puerta que se ha abierto con el e-commerce. Hacemos tiendas online a medida con procesos automatizados para que vender en Internet sea m\u00e1s f\u00e1cil.<\/span><\/p>\r\n<p style=\"text-align: center;\">Precios desde 3.000 euros<\/p>\r\n[\/trx_highlight][\/trx_content][\/trx_block][\/trx_section][\/vc_column][vc_column][trx_line][trx_image url=\"4560\"][\/vc_column][\/vc_row][vc_row][vc_column][trx_section][trx_content top=\"85px\" bottom=\"2.5em\"][trx_columns count=\"1\"][trx_column_item][trx_highlight type=\"0\"]<span style=\"font-weight: 400;\">Ofrecemos la posibilidad de ampliar sus posibilidades de venta, llegando a un p\u00fablico tremendamente m\u00e1s amplio gracias al hecho de que, a trav\u00e9s de tu p\u00e1gina web, cualquier usuario del planeta podr\u00e1 adquirir lo que ofreces.<\/span>\r\n\r\n<span style=\"font-weight: 400;\"><strong>Objetivos<\/strong> que nos marcamos para que tu <strong>e-commerce sea exitoso<\/strong>:<\/span>[\/trx_highlight][\/trx_column_item][\/trx_columns][trx_columns count=\"3\"][trx_column_item][trx_image url=\"4533\"][\/trx_column_item][trx_column_item span=\"2\"][trx_highlight type=\"0\"]\r\n<ul>\r\n \t<li style=\"font-weight: 400;\" aria-level=\"1\"><span style=\"font-weight: 400;\"><strong>Posicionamiento<\/strong>: un buen SEO es clave para que tu e-commerce sea exitoso. Principalmente porque su finalidad es lograr que tu empresa aparezca bien posicionada en todos los buscadores de Internet, por lo que quienes te busquen a ti o t\u00e9rminos relacionados con lo que ofreces en tu web, te encontrar\u00e1n con mayor probabilidad. Adem\u00e1s, el mejor posicionamiento te har\u00e1 estar por encima de tu competencia, lo que generar\u00e1 un plus de confianza hacia el usuario que busca los contenidos de tu web<\/span><\/li>\r\n \t<li style=\"font-weight: 400;\" aria-level=\"1\"><span style=\"font-weight: 400;\"><strong>Ideas estructuradas<\/strong>: nos encargamos de dar forma a todo lo que ofreces en tu e-commerce, de manera sencilla e intuitiva, para que el usuario no recorra el proceso de compra con distracciones o de una manera engorrosa<\/span><\/li>\r\n \t<li style=\"font-weight: 400;\" aria-level=\"1\"><span style=\"font-weight: 400;\"><strong>Ejecuci\u00f3n del proceso de compra<\/strong>: es fundamental que todas nuestras propuestas en la web se puedan ejecutar y, en el caso del e-commerce, todo ello deriva a un desenlace exitoso en el proceso de compra, que no debe resultar pesado para el usuario ni tener errores. Una p\u00e1gina que no cumple este requisito o con una usabilidad compleja provocar\u00e1 rechazo al usuario la pr\u00f3xima vez que busque lo que ofrecemos<\/span><\/li>\r\n \t<li style=\"font-weight: 400;\" aria-level=\"1\"><span style=\"font-weight: 400;\"><strong>Identidad en tu dise\u00f1o<\/strong>: nos encargamos de realizar un dise\u00f1o profesional, acorde a lo que quieres vender. Nuestro equipo analizar\u00e1 tus caracter\u00edsticas, tus se\u00f1as de identidad y el producto o servicio que pones en el mercado para crear tu imagen ante el mundo<\/span><\/li>\r\n \t<li style=\"font-weight: 400;\" aria-level=\"1\"><span style=\"font-weight: 400;\"><strong>Stock y precios actualizados<\/strong>: la web de tu e-commerce debe estar en todo momento actualizada, tanto en los productos que se ofrecen como en sus precios, para que los usuarios que accedan a ella no se encuentren con desagradables sorpresas en forma de productos que ya no est\u00e1n en stock, de ofertas\/promociones caducadas, de precios incorrectos o que t\u00fa mismo no ofrezcas un producto o servicio que tienes disponible y que no has subido a tu web<\/span><\/li>\r\n \t<li style=\"font-weight: 400;\" aria-level=\"1\"><span style=\"font-weight: 400;\"><strong>Satisfacci\u00f3n de los clientes<\/strong>: tu e-commerce debe ofrecer la mayor cantidad de comodidades al usuario que accede a \u00e9l, en diversos aspectos: m\u00e9todos de pago (para que nadie abandone el proceso de compra), adaptabilidad a todos los dispositivos m\u00f3viles y soporte al cliente (e-mail, WhatsApp, redes sociales, ayuda en web\u2026). Si lo necesitas, te ayudamos en dichos procesos. Adem\u00e1s, podremos gestionar la informaci\u00f3n de tus clientes a trav\u00e9s de CRM, bases de datos con sus caracter\u00edsticas principales y comportamientos de compra\u00a0<\/span><\/li>\r\n \t<li style=\"font-weight: 400;\" aria-level=\"1\"><span style=\"font-weight: 400;\"><strong>Seguridad<\/strong>: el proceso de compra en tu e-commerce debe ser fiable al 100%. Sabemos que esta es una de las principales preocupaciones tanto de empresas como de clientes y por eso nos encargamos siempre de comprobar que no haya problemas de seguridad y que todos los procesos se puedan realizar sin problemas. Un cliente satisfecho es un cliente que volver\u00e1 a tu e-commerce<\/span><\/li>\r\n<\/ul>\r\n[\/trx_highlight][\/trx_column_item][\/trx_columns][trx_columns count=\"1\"][trx_column_item][\/trx_column_item][\/trx_columns][\/trx_content][\/trx_section][\/vc_column][\/vc_row][vc_row][vc_column][trx_section top=\"50\" bottom=\"50\"][trx_content][trx_highlight type=\"0\" size=\"50px\" line_height=\"50px\" style=\"font-weight: 600; letter-spacing: -2px;\"]\r\n<p style=\"text-align: center;\">Algunos de nuestros clientes:<\/p>\r\n[\/trx_highlight][vc_raw_html]JTNDY2VudGVyJTNFJTNDdGFibGUlMjBib3JkZXIlM0QwJTNFJTBBJTBBJTNDdHIlM0UlMEElM0N0ZCUzRSUwQSUzQ2ElMjBocmVmJTNEJTIyaHR0cHMlM0ElMkYlMkZ3d3cuZmFjZWJvb2suY29tJTJGQVVESS1TZXJyYW1vdmlsLUVMQ0hFLU9sZXphbW92aWwtT1JJSFVFTEEtRWxtb3ZpbC1FTERBLVBFVFJFUi0xNTk1NjYwMzc3MTQxMzUxJTJGJTIyJTIwdGFyZ2V0JTNEJTIyX2JsYW5rJTIyJTNFJTNDaW1nJTIwc3JjJTNEJTIyaHR0cCUzQSUyRiUyRmNhY2FodWV0ZWNvbXVuaWNhY2lvbi5jb20lMkZ3cC1jb250ZW50JTJGdXBsb2FkcyUyRjIwMTclMkYwNCUyRmF1ZGktMS5wbmclMjIlMjB3aWR0aCUzRDE4JTI1JTNFJTNDJTJGYSUzRSUwQSUzQ2ElMjBocmVmJTNEJTIyaHR0cHMlM0ElMkYlMkZ3d3cuZmFjZWJvb2suY29tJTJGVm9sa3N3YWdlbkVsY2hlT3JpaHVlbGFFbGRhUGV0cmVyJTJGJTIyJTIwdGFyZ2V0JTNEJTIyX2JsYW5rJTIyJTNFJTNDaW1nJTIwc3JjJTNEJTIyaHR0cCUzQSUyRiUyRmNhY2FodWV0ZWNvbXVuaWNhY2lvbi5jb20lMkZ3cC1jb250ZW50JTJGdXBsb2FkcyUyRjIwMTclMkYwNCUyRmxvZ28tdncuanBnJTIyJTIwd2lkdGglM0QxOCUyNSUzRSUzQyUyRmElM0UlMEElM0NhJTIwaHJlZiUzRCUyMmh0dHBzJTNBJTJGJTJGd3d3LmZhY2Vib29rLmNvbSUyRnNrb2RhcmVtZWljYXJhbGljYW50ZSUyRiUyMiUyMHRhcmdldCUzRCUyMl9ibGFuayUyMiUzRSUzQ2ltZyUyMHNyYyUzRCUyMmh0dHAlM0ElMkYlMkZjYWNhaHVldGVjb211bmljYWNpb24uY29tJTJGd3AtY29udGVudCUyRnVwbG9hZHMlMkYyMDE3JTJGMDQlMkZsb2dvLXNrb2RhLmpwZyUyMiUyMHdpZHRoJTNEMTglMjUlM0UlM0MlMkZhJTNFJTBBJTNDYSUyMGhyZWYlM0QlMjJodHRwcyUzQSUyRiUyRnd3dy5mYWNlYm9vay5jb20lMkZTRUFULVNlcnJhdXRvLUVMQ0hFLVRPUlJFVklFSkEtU0FOVEEtUE9MQS1PbGV6YW1vdG9yLU9SSUhVRUxBLTQ0MDE0ODU2Mjk5MzMxMyUyRiUyMiUyMHRhcmdldCUzRCUyMl9ibGFuayUyMiUzRSUzQ2ltZyUyMHNyYyUzRCUyMmh0dHAlM0ElMkYlMkZjYWNhaHVldGVjb211bmljYWNpb24uY29tJTJGd3AtY29udGVudCUyRnVwbG9hZHMlMkYyMDE3JTJGMDQlMkZsb2dvLXNlYXQucG5nJTIyJTIwd2lkdGglM0QxOCUyNSUzRSUzQyUyRmElM0UlMEElM0NhJTIwaHJlZiUzRCUyMmh0dHBzJTNBJTJGJTJGd3d3LmZhY2Vib29rLmNvbSUyRlZvbGtzd2FnZW4tVmVoJTI1QzMlMjVBRGN1bG9zLUNvbWVyY2lhbGVzLVNlcnJhbW92aWwtRUxDSEUtT1JJSFVFTEEtRUxEQS1QRVRSRVItMTc0MzczOTA5NzQ1NTk1JTJGJTIyJTIwdGFyZ2V0JTNEJTIyX2JsYW5rJTIyJTNFJTNDaW1nJTIwc3JjJTNEJTIyaHR0cCUzQSUyRiUyRmNhY2FodWV0ZWNvbXVuaWNhY2lvbi5jb20lMkZ3cC1jb250ZW50JTJGdXBsb2FkcyUyRjIwMTclMkYwNCUyRmxvZ28tdnctY29tZXJjaWFsZXMucG5nJTIyJTIwd2lkdGglM0QxOCUyNSUzRSUzQyUyRmElM0UlMEElM0MlMkZ0ZCUzRSUwQSUzQyUyRnRyJTNFJTBBJTBBJTNDdHIlM0UlMEElM0N0ZCUzRSUwQSUzQ2ElMjBocmVmJTNEJTIyaHR0cHMlM0ElMkYlMkZ3d3cueWFtYWhhLW1vdG9yLmV1JTJGZXMlMkZpbmRleC5hc3B4JTIzJTIyJTIwdGFyZ2V0JTNEJTIyX2JsYW5rJTIyJTNFJTNDaW1nJTIwc3JjJTNEJTIyaHR0cCUzQSUyRiUyRmNhY2FodWV0ZWNvbXVuaWNhY2lvbi5jb20lMkZ3cC1jb250ZW50JTJGdXBsb2FkcyUyRjIwMTglMkYwMiUyRmxvZ29zX2NsaWVudGVzX3lhbWFoYS5qcGclMjIlMjB3aWR0aCUzRDE4JTI1JTNFJTNDJTJGYSUzRSUwQSUzQ2ElMjBocmVmJTNEJTIyaHR0cHMlM0ElMkYlMkZ3d3cuemVuaWFib3VsZXZhcmQuZXMlMjIlMjB0YXJnZXQlM0QlMjJfYmxhbmslMjIlM0UlM0NpbWclMjBzcmMlM0QlMjJodHRwcyUzQSUyRiUyRmNhY2FodWV0ZWNvbXVuaWNhY2lvbi5jb20lMkZ3cC1jb250ZW50JTJGdXBsb2FkcyUyRjIwMjAlMkYwMSUyRlplbmlhLUxvZ28yLmpwZyUyMiUyMHdpZHRoJTNEMTglMjUlM0UlM0MlMkZhJTNFJTBBJTNDYSUyMGhyZWYlM0QlMjJodHRwJTNBJTJGJTJGb3hpem9uaWEuY29tJTJGJTIyJTIwdGFyZ2V0JTNEJTIyX2JsYW5rJTIyJTNFJTNDaW1nJTIwc3JjJTNEJTIyaHR0cCUzQSUyRiUyRmNhY2FodWV0ZWNvbXVuaWNhY2lvbi5jb20lMkZ3cC1jb250ZW50JTJGdXBsb2FkcyUyRjIwMTglMkYwMiUyRmxvZ29zX2NsaWVudGVzX294aXpvbmlhLmpwZyUyMiUyMHdpZHRoJTNEMTglMjUlM0UlM0MlMkZhJTNFJTBBJTNDYSUyMGhyZWYlM0QlMjJodHRwcyUzQSUyRiUyRnd3dy51cmJhc2VyLmNvbSUyRiUyMiUyMHRhcmdldCUzRCUyMl9ibGFuayUyMiUzRSUzQ2ltZyUyMHNyYyUzRCUyMmh0dHBzJTNBJTJGJTJGY2FjYWh1ZXRlY29tdW5pY2FjaW9uLmNvbSUyRndwLWNvbnRlbnQlMkZ1cGxvYWRzJTJGMjAyMCUyRjAxJTJGTG9nby1VcmJhc2VyLU9LLmpwZyUyMiUyMHdpZHRoJTNEMTglMjUlM0UlM0MlMkZhJTNFJTBBJTNDYSUyMGhyZWYlM0QlMjJodHRwcyUzQSUyRiUyRnd3dy5mZXJpYS1hbGljYW50ZS5jb20lMjIlMjB0YXJnZXQlM0QlMjJfYmxhbmslMjIlM0UlM0NpbWclMjBzcmMlM0QlMjJodHRwcyUzQSUyRiUyRmNhY2FodWV0ZWNvbXVuaWNhY2lvbi5jb20lMkZ3cC1jb250ZW50JTJGdXBsb2FkcyUyRjIwMjAlMkYwMSUyRklGQS1sb2dvLnBuZyUyMiUyMHdpZHRoJTNEMTglMjUlM0UlM0MlMkZhJTNFJTBBJTNDJTJGdGQlM0UlMEElM0MlMkZ0ciUzRSUwQSUwQSUzQyUyRnRhYmxlJTNFJTNDJTJGY2VudGVyJTNF[\/vc_raw_html][\/trx_content][\/trx_section][\/vc_column][\/vc_row]","_et_gb_content_width":""},"yoast_head":"<!-- This site is optimized with the Yoast SEO plugin v19.12 - https:\/\/yoast.com\/wordpress\/plugins\/seo\/ -->\n<title>Ecommerce - Cacahuete Comunicaci\u00f3n. Empresa de Comunicaci\u00f3n, Redes Sociales, Community Manager y Social Media en Elche.<\/title>\n<meta name=\"robots\" content=\"index, follow, max-snippet:-1, max-image-preview:large, max-video-preview:-1\" \/>\n<link rel=\"canonical\" href=\"https:\/\/cacahuetecomunicacion.com\/blog\/ecommerce\/\" \/>\n<meta property=\"og:locale\" content=\"es_ES\" \/>\n<meta property=\"og:type\" content=\"article\" \/>\n<meta property=\"og:title\" content=\"Ecommerce - Cacahuete Comunicaci\u00f3n. Empresa de Comunicaci\u00f3n, Redes Sociales, Community Manager y Social Media en Elche.\" \/>\n<meta property=\"og:description\" content=\"ECOMMERCE \u00bfQUIERES VENDER EN INTERNET? Comercio electr\u00f3nico \u00bfHas aterrizado en Internet para vender tus productos o servicios? En Cacahuete Comunicaci\u00f3n somos conscientes de la puerta que se ha abierto con el e-commerce. Hacemos tiendas online a medida con procesos automatizados para que vender en Internet sea m\u00e1s f\u00e1cil. Precios desde 3.000 euros Ofrecemos la posibilidad [&hellip;]\" \/>\n<meta property=\"og:url\" content=\"https:\/\/cacahuetecomunicacion.com\/blog\/ecommerce\/\" \/>\n<meta property=\"og:site_name\" content=\"Cacahuete Comunicaci\u00f3n. Empresa de Comunicaci\u00f3n, Redes Sociales, Community Manager y Social Media en Elche.\" \/>\n<meta property=\"article:modified_time\" content=\"2024-02-01T10:52:43+00:00\" \/>\n<meta property=\"og:image\" content=\"https:\/\/cacahuetecomunicacion.com\/blog\/wp-content\/uploads\/2024\/02\/CONBANDERA_KITDIGITAL.png\" \/>\n<meta name=\"twitter:card\" content=\"summary_large_image\" \/>\n<meta name=\"twitter:label1\" content=\"Tiempo de lectura\" \/>\n\t<meta name=\"twitter:data1\" content=\"4 minutos\" \/>\n<script type=\"application\/ld+json\" class=\"yoast-schema-graph\">{\"@context\":\"https:\/\/schema.org\",\"@graph\":[{\"@type\":\"WebPage\",\"@id\":\"https:\/\/cacahuetecomunicacion.com\/blog\/ecommerce\/\",\"url\":\"https:\/\/cacahuetecomunicacion.com\/blog\/ecommerce\/\",\"name\":\"Ecommerce - Cacahuete Comunicaci\u00f3n. Empresa de Comunicaci\u00f3n, Redes Sociales, Community Manager y Social Media en Elche.\",\"isPartOf\":{\"@id\":\"https:\/\/cacahuetecomunicacion.com\/blog\/#website\"},\"datePublished\":\"2022-01-19T18:13:24+00:00\",\"dateModified\":\"2024-02-01T10:52:43+00:00\",\"breadcrumb\":{\"@id\":\"https:\/\/cacahuetecomunicacion.com\/blog\/ecommerce\/#breadcrumb\"},\"inLanguage\":\"es\",\"potentialAction\":[{\"@type\":\"ReadAction\",\"target\":[\"https:\/\/cacahuetecomunicacion.com\/blog\/ecommerce\/\"]}]},{\"@type\":\"BreadcrumbList\",\"@id\":\"https:\/\/cacahuetecomunicacion.com\/blog\/ecommerce\/#breadcrumb\",\"itemListElement\":[{\"@type\":\"ListItem\",\"position\":1,\"name\":\"Portada\",\"item\":\"https:\/\/cacahuetecomunicacion.com\/blog\/\"},{\"@type\":\"ListItem\",\"position\":2,\"name\":\"Ecommerce\"}]},{\"@type\":\"WebSite\",\"@id\":\"https:\/\/cacahuetecomunicacion.com\/blog\/#website\",\"url\":\"https:\/\/cacahuetecomunicacion.com\/blog\/\",\"name\":\"Cacahuete Comunicaci\u00f3n. Empresa de Comunicaci\u00f3n, Redes Sociales, Community Manager y Social Media en Elche.\",\"description\":\"Cacahuete Comunicaci\u00f3n. Empresa de Comunicaci\u00f3n, Redes Sociales, Community Manager y Social Media en Elche.\",\"potentialAction\":[{\"@type\":\"SearchAction\",\"target\":{\"@type\":\"EntryPoint\",\"urlTemplate\":\"https:\/\/cacahuetecomunicacion.com\/blog\/?s={search_term_string}\"},\"query-input\":\"required name=search_term_string\"}],\"inLanguage\":\"es\"}]}<\/script>\n<!-- \/ Yoast SEO plugin. -->","yoast_head_json":{"title":"Ecommerce - Cacahuete Comunicaci\u00f3n. Empresa de Comunicaci\u00f3n, Redes Sociales, Community Manager y Social Media en Elche.","robots":{"index":"index","follow":"follow","max-snippet":"max-snippet:-1","max-image-preview":"max-image-preview:large","max-video-preview":"max-video-preview:-1"},"canonical":"https:\/\/cacahuetecomunicacion.com\/blog\/ecommerce\/","og_locale":"es_ES","og_type":"article","og_title":"Ecommerce - Cacahuete Comunicaci\u00f3n. Empresa de Comunicaci\u00f3n, Redes Sociales, Community Manager y Social Media en Elche.","og_description":"ECOMMERCE \u00bfQUIERES VENDER EN INTERNET? Comercio electr\u00f3nico \u00bfHas aterrizado en Internet para vender tus productos o servicios? En Cacahuete Comunicaci\u00f3n somos conscientes de la puerta que se ha abierto con el e-commerce. Hacemos tiendas online a medida con procesos automatizados para que vender en Internet sea m\u00e1s f\u00e1cil. Precios desde 3.000 euros Ofrecemos la posibilidad [&hellip;]","og_url":"https:\/\/cacahuetecomunicacion.com\/blog\/ecommerce\/","og_site_name":"Cacahuete Comunicaci\u00f3n. Empresa de Comunicaci\u00f3n, Redes Sociales, Community Manager y Social Media en Elche.","article_modified_time":"2024-02-01T10:52:43+00:00","og_image":[{"url":"https:\/\/cacahuetecomunicacion.com\/blog\/wp-content\/uploads\/2024\/02\/CONBANDERA_KITDIGITAL.png"}],"twitter_card":"summary_large_image","twitter_misc":{"Tiempo de lectura":"4 minutos"},"schema":{"@context":"https:\/\/schema.org","@graph":[{"@type":"WebPage","@id":"https:\/\/cacahuetecomunicacion.com\/blog\/ecommerce\/","url":"https:\/\/cacahuetecomunicacion.com\/blog\/ecommerce\/","name":"Ecommerce - Cacahuete Comunicaci\u00f3n. Empresa de Comunicaci\u00f3n, Redes Sociales, Community Manager y Social Media en Elche.","isPartOf":{"@id":"https:\/\/cacahuetecomunicacion.com\/blog\/#website"},"datePublished":"2022-01-19T18:13:24+00:00","dateModified":"2024-02-01T10:52:43+00:00","breadcrumb":{"@id":"https:\/\/cacahuetecomunicacion.com\/blog\/ecommerce\/#breadcrumb"},"inLanguage":"es","potentialAction":[{"@type":"ReadAction","target":["https:\/\/cacahuetecomunicacion.com\/blog\/ecommerce\/"]}]},{"@type":"BreadcrumbList","@id":"https:\/\/cacahuetecomunicacion.com\/blog\/ecommerce\/#breadcrumb","itemListElement":[{"@type":"ListItem","position":1,"name":"Portada","item":"https:\/\/cacahuetecomunicacion.com\/blog\/"},{"@type":"ListItem","position":2,"name":"Ecommerce"}]},{"@type":"WebSite","@id":"https:\/\/cacahuetecomunicacion.com\/blog\/#website","url":"https:\/\/cacahuetecomunicacion.com\/blog\/","name":"Cacahuete Comunicaci\u00f3n. Empresa de Comunicaci\u00f3n, Redes Sociales, Community Manager y Social Media en Elche.","description":"Cacahuete Comunicaci\u00f3n. Empresa de Comunicaci\u00f3n, Redes Sociales, Community Manager y Social Media en Elche.","potentialAction":[{"@type":"SearchAction","target":{"@type":"EntryPoint","urlTemplate":"https:\/\/cacahuetecomunicacion.com\/blog\/?s={search_term_string}"},"query-input":"required name=search_term_string"}],"inLanguage":"es"}]}},"_links":{"self":[{"href":"https:\/\/cacahuetecomunicacion.com\/blog\/wp-json\/wp\/v2\/pages\/4530"}],"collection":[{"href":"https:\/\/cacahuetecomunicacion.com\/blog\/wp-json\/wp\/v2\/pages"}],"about":[{"href":"https:\/\/cacahuetecomunicacion.com\/blog\/wp-json\/wp\/v2\/types\/page"}],"author":[{"embeddable":true,"href":"https:\/\/cacahuetecomunicacion.com\/blog\/wp-json\/wp\/v2\/users\/1"}],"replies":[{"embeddable":true,"href":"https:\/\/cacahuetecomunicacion.com\/blog\/wp-json\/wp\/v2\/comments?post=4530"}],"version-history":[{"count":10,"href":"https:\/\/cacahuetecomunicacion.com\/blog\/wp-json\/wp\/v2\/pages\/4530\/revisions"}],"predecessor-version":[{"id":4705,"href":"https:\/\/cacahuetecomunicacion.com\/blog\/wp-json\/wp\/v2\/pages\/4530\/revisions\/4705"}],"wp:attachment":[{"href":"https:\/\/cacahuetecomunicacion.com\/blog\/wp-json\/wp\/v2\/media?parent=4530"}],"curies":[{"name":"wp","href":"https:\/\/api.w.org\/{rel}","templated":true}]}}