{"id":4777,"date":"2024-09-26T10:20:48","date_gmt":"2024-09-26T08:20:48","guid":{"rendered":"https:\/\/cacahuetecomunicacion.com\/blog\/?page_id=4777"},"modified":"2024-09-30T12:26:20","modified_gmt":"2024-09-30T10:26:20","slug":"ventas-digitales","status":"publish","type":"page","link":"https:\/\/cacahuetecomunicacion.com\/blog\/ventas-digitales\/","title":{"rendered":"Asesoramiento en Ventas Digitales"},"content":{"rendered":"<p>[et_pb_section fb_built=\u00bb1&#8243; _builder_version=\u00bb4.19.3&#8243; _module_preset=\u00bbdefault\u00bb background_color=\u00bb#f9f9f9&#8243; custom_padding=\u00bb||24px|||\u00bb global_colors_info=\u00bb{}\u00bb][et_pb_row _builder_version=\u00bb4.19.3&#8243; _module_preset=\u00bbdefault\u00bb global_colors_info=\u00bb{}\u00bb][et_pb_column type=\u00bb4_4&#8243; _builder_version=\u00bb4.19.3&#8243; _module_preset=\u00bbdefault\u00bb global_colors_info=\u00bb{}\u00bb][et_pb_text admin_label=\u00bbText\u00bb _builder_version=\u00bb4.19.3&#8243; header_text_align=\u00bbcenter\u00bb header_text_color=\u00bb#3E1980&#8243; header_font_size=\u00bb94px\u00bb background_size=\u00bbinitial\u00bb background_position=\u00bbtop_left\u00bb background_repeat=\u00bbrepeat\u00bb header_font_size_tablet=\u00bb83px\u00bb header_font_size_phone=\u00bb69px\u00bb header_font_size_last_edited=\u00bbon|phone\u00bb global_colors_info=\u00bb{}\u00bb header_font_size__hover_enabled=\u00bbon|desktop\u00bb header_font_size__hover=\u00bb94px\u00bb]<\/p>\n<h1>VENTAS DIGITALES<\/h1>\n<p><img decoding=\"async\" loading=\"lazy\" src=\"https:\/\/cacahuetecomunicacion.com\/blog\/wp-content\/uploads\/2024\/09\/Kit-consulting-faldon-1536x413.png.webp\" width=\"1536\" height=\"413\" alt=\"kit consulting\" class=\"wp-image-4710 aligncenter size-full\" srcset=\"https:\/\/cacahuetecomunicacion.com\/blog\/wp-content\/uploads\/2024\/09\/Kit-consulting-faldon-1536x413.png.webp 1536w, https:\/\/cacahuetecomunicacion.com\/blog\/wp-content\/uploads\/2024\/09\/Kit-consulting-faldon-1536x413.png-1280x344.webp 1280w, https:\/\/cacahuetecomunicacion.com\/blog\/wp-content\/uploads\/2024\/09\/Kit-consulting-faldon-1536x413.png-980x264.webp 980w, https:\/\/cacahuetecomunicacion.com\/blog\/wp-content\/uploads\/2024\/09\/Kit-consulting-faldon-1536x413.png-480x129.webp 480w\" sizes=\"(min-width: 0px) and (max-width: 480px) 480px, (min-width: 481px) and (max-width: 980px) 980px, (min-width: 981px) and (max-width: 1280px) 1280px, (min-width: 1281px) 1536px, 100vw\" \/><\/p>\n<h3 style=\"text-align: center;\"><span style=\"color: #3e1980;\">Objetivo<\/span><\/h3>\n<p style=\"text-align: center;\">El principal objetivo de este servicio es establecer la inversi\u00f3n necesaria y las t\u00e9cnicas de marketing digital, incluyendo el aprovechamiento de tecnolog\u00edas de inteligencia artificial, para mejorar el rendimiento de tus ventas en l\u00ednea, y realizaci\u00f3n de un caso de uso adaptado al \u00e1rea de ventas digitales de tu pyme.<\/p>\n<div class=\"d-flex\"><\/div>\n<p>[\/et_pb_text][\/et_pb_column][\/et_pb_row][\/et_pb_section][et_pb_section fb_built=\u00bb1&#8243; admin_label=\u00bbsection\u00bb _builder_version=\u00bb4.16&#8243; custom_padding=\u00bb0px||3px|||\u00bb global_colors_info=\u00bb{}\u00bb][et_pb_row admin_label=\u00bbrow\u00bb _builder_version=\u00bb4.16&#8243; background_size=\u00bbinitial\u00bb background_position=\u00bbtop_left\u00bb background_repeat=\u00bbrepeat\u00bb global_colors_info=\u00bb{}\u00bb][et_pb_column type=\u00bb4_4&#8243; _builder_version=\u00bb4.16&#8243; custom_padding=\u00bb|||\u00bb global_colors_info=\u00bb{}\u00bb custom_padding__hover=\u00bb|||\u00bb][et_pb_text _builder_version=\u00bb4.19.3&#8243; _module_preset=\u00bbdefault\u00bb global_colors_info=\u00bb{}\u00bb]<\/p>\n<h3 style=\"text-align: center;\"><span style=\"color: #3e1980;\">Actividades<\/span><\/h3>\n<p><span>El Asesor Digital Adherido ser\u00e1 encargado de realizar una serie de actividades para garantizar la correcta implementaci\u00f3n del plan de mejora de tus ventas digitales:<\/span><\/p>\n<ul>\n<li>Analizar la situaci\u00f3n actual de tu pyme en ventas digitales, posicionamiento en RRSS y presencia en internet.<\/li>\n<li>Concienciar a tus empleados sobre la importancia y las t\u00e9cnicas de venta online y marketing digital.<\/li>\n<li>Definir una estrategia de ventas online y presencia digital (RRSS, posicionamiento en motores de b\u00fasqueda, Google Analytics, etc.) a medio y largo plazo, utilizando modelos predictivos basados en IA.<\/li>\n<li>Desarrollar y ejecutar un caso de uso adaptado a tu pyme utilizando las t\u00e9cnicas apropiadas de inteligencia artificial, en el \u00e1rea de ventas digitales.<\/li>\n<li>Identificaci\u00f3n de oportunidades o posibles usos de la IA en el \u00e1mbito de las ventas digitales.<\/li>\n<\/ul>\n<p>[\/et_pb_text][et_pb_button button_url=\u00bbhttps:\/\/cacahuetecomunicacion.com\/contacto\u00bb button_text=\u00bbM\u00c1S INFORMACI\u00d3N\u00bb _builder_version=\u00bb4.19.3&#8243; _module_preset=\u00bbdefault\u00bb custom_margin=\u00bb||68px|||\u00bb global_colors_info=\u00bb{}\u00bb][\/et_pb_button][et_pb_text _builder_version=\u00bb4.19.3&#8243; _module_preset=\u00bbdefault\u00bb global_colors_info=\u00bb{}\u00bb]<\/p>\n<h3>Explora m\u00e1s servicios<\/h3>\n<p>[\/et_pb_text][\/et_pb_column][\/et_pb_row][\/et_pb_section][et_pb_section fb_built=\u00bb1&#8243; _builder_version=\u00bb4.19.3&#8243; _module_preset=\u00bbdefault\u00bb custom_margin=\u00bb-40px|||||\u00bb custom_padding=\u00bb11px|||||\u00bb global_colors_info=\u00bb{}\u00bb][et_pb_row column_structure=\u00bb1_4,1_4,1_4,1_4&#8243; _builder_version=\u00bb4.19.3&#8243; _module_preset=\u00bbdefault\u00bb global_colors_info=\u00bb{}\u00bb][et_pb_column type=\u00bb1_4&#8243; _builder_version=\u00bb4.19.3&#8243; _module_preset=\u00bbdefault\u00bb global_colors_info=\u00bb{}\u00bb][et_pb_cta title=\u00bbServicio de Asesoramiento en Inteligencia Artificial<br \/>\n\u00bb _builder_version=\u00bb4.19.3&#8243; _module_preset=\u00bbdefault\u00bb header_font=\u00bb||||||||\u00bb header_text_align=\u00bbleft\u00bb header_text_color=\u00bb#FFFFFF\u00bb background_color=\u00bb#3E1980&#8243; custom_button=\u00bbon\u00bb button_icon=\u00bb&#x26;||divi||400&#8243; button_icon_color=\u00bb#3E1980&#8243; button_on_hover=\u00bboff\u00bb min_height=\u00bb230px\u00bb min_height_tablet=\u00bb230px\u00bb min_height_phone=\u00bb230px\u00bb min_height_last_edited=\u00bbon|tablet\u00bb height=\u00bb230px\u00bb height_tablet=\u00bb230px\u00bb height_phone=\u00bb230px\u00bb height_last_edited=\u00bbon|desktop\u00bb max_height=\u00bb230px\u00bb max_height_tablet=\u00bb230px\u00bb max_height_phone=\u00bb230px\u00bb max_height_last_edited=\u00bbon|desktop\u00bb link_option_url=\u00bbhttps:\/\/cacahuetecomunicacion.com\/blog\/inteligencia-artificial\/\u00bb border_width_all=\u00bb3px\u00bb border_color_all=\u00bb#3E1980&#8243; global_colors_info=\u00bb{}\u00bb header_text_color__hover_enabled=\u00bbon|hover\u00bb header_text_color__hover=\u00bb#FFFFFF\u00bb background_color__hover=\u00bb#40A4D8&#8243; background_enable_color__hover=\u00bbon\u00bb border_width_all__hover_enabled=\u00bbon|hover\u00bb border_color_all__hover=\u00bb#40A4D8&#8243; border_color_all__hover_enabled=\u00bbon|desktop\u00bb border_radii__hover_enabled=\u00bbon|hover\u00bb background__hover_enabled=\u00bbon|hover\u00bb border_width_all__hover=\u00bb3px\u00bb][\/et_pb_cta][et_pb_cta title=\u00bbServicio de Asesoramiento en Procesos de Negocio o Proceso de Producci\u00f3n\u00bb _builder_version=\u00bb4.19.3&#8243; _module_preset=\u00bbdefault\u00bb header_font=\u00bb||||||||\u00bb header_text_align=\u00bbleft\u00bb header_text_color=\u00bb#FFFFFF\u00bb background_color=\u00bb#3E1980&#8243; custom_button=\u00bbon\u00bb button_icon=\u00bb&#x26;||divi||400&#8243; button_icon_color=\u00bb#3E1980&#8243; button_on_hover=\u00bboff\u00bb min_height=\u00bb230px\u00bb min_height_tablet=\u00bb230px\u00bb min_height_phone=\u00bb230px\u00bb min_height_last_edited=\u00bbon|tablet\u00bb height=\u00bb230px\u00bb height_tablet=\u00bb230px\u00bb height_phone=\u00bb230px\u00bb height_last_edited=\u00bbon|desktop\u00bb max_height=\u00bb230px\u00bb max_height_tablet=\u00bb230px\u00bb max_height_phone=\u00bb230px\u00bb max_height_last_edited=\u00bbon|desktop\u00bb link_option_url=\u00bbhttps:\/\/cacahuetecomunicacion.com\/blog\/asesoramiento-produccion\/\u00bb hover_enabled=\u00bb0&#8243; border_width_all=\u00bb3px\u00bb border_color_all=\u00bb#3E1980&#8243; global_colors_info=\u00bb{}\u00bb header_text_color__hover_enabled=\u00bbon|hover\u00bb header_text_color__hover=\u00bb#FFFFFF\u00bb background_color__hover=\u00bb#40A4D8&#8243; background_enable_color__hover=\u00bbon\u00bb border_width_all__hover_enabled=\u00bbon|hover\u00bb border_color_all__hover=\u00bb#40A4D8&#8243; border_color_all__hover_enabled=\u00bbon|desktop\u00bb border_radii__hover_enabled=\u00bbon|hover\u00bb background__hover_enabled=\u00bbon|hover\u00bb border_width_all__hover=\u00bb3px\u00bb sticky_enabled=\u00bb0&#8243;][\/et_pb_cta][\/et_pb_column][et_pb_column type=\u00bb1_4&#8243; _builder_version=\u00bb4.19.3&#8243; _module_preset=\u00bbdefault\u00bb global_colors_info=\u00bb{}\u00bb][et_pb_cta title=\u00bbServicio de Asesoramiento en An\u00e1lisis de Datos\u00bb _builder_version=\u00bb4.19.3&#8243; _module_preset=\u00bbdefault\u00bb header_font=\u00bb||||||||\u00bb header_text_align=\u00bbleft\u00bb header_text_color=\u00bb#FFFFFF\u00bb background_color=\u00bb#3E1980&#8243; custom_button=\u00bbon\u00bb button_icon=\u00bb&#x26;||divi||400&#8243; button_icon_color=\u00bb#3E1980&#8243; button_on_hover=\u00bboff\u00bb min_height=\u00bb230px\u00bb min_height_tablet=\u00bb230px\u00bb min_height_phone=\u00bb230px\u00bb min_height_last_edited=\u00bbon|tablet\u00bb height=\u00bb230px\u00bb height_tablet=\u00bb230px\u00bb height_phone=\u00bb230px\u00bb height_last_edited=\u00bbon|desktop\u00bb max_height=\u00bb230px\u00bb max_height_tablet=\u00bb230px\u00bb max_height_phone=\u00bb230px\u00bb max_height_last_edited=\u00bbon|desktop\u00bb link_option_url=\u00bbhttps:\/\/cacahuetecomunicacion.com\/blog\/analisis-datos\/\u00bb border_width_all=\u00bb3px\u00bb border_color_all=\u00bb#3E1980&#8243; global_colors_info=\u00bb{}\u00bb header_text_color__hover_enabled=\u00bbon|hover\u00bb header_text_color__hover=\u00bb#FFFFFF\u00bb background_color__hover=\u00bb#40A4D8&#8243; background_enable_color__hover=\u00bbon\u00bb border_radii__hover_enabled=\u00bbon|hover\u00bb border_width_all__hover_enabled=\u00bbon|hover\u00bb border_color_all__hover_enabled=\u00bbon|desktop\u00bb border_color_all__hover=\u00bb#40A4D8&#8243; background__hover_enabled=\u00bbon|hover\u00bb border_width_all__hover=\u00bb3px\u00bb][\/et_pb_cta][et_pb_cta title=\u00bbServicio de Asesoramiento \u201c360\u201d en Transformaci\u00f3n Digital\u00bb _builder_version=\u00bb4.19.3&#8243; _module_preset=\u00bbdefault\u00bb header_font=\u00bb||||||||\u00bb header_text_align=\u00bbleft\u00bb header_text_color=\u00bb#FFFFFF\u00bb background_color=\u00bb#3E1980&#8243; custom_button=\u00bbon\u00bb button_icon=\u00bb&#x26;||divi||400&#8243; button_icon_color=\u00bb#3E1980&#8243; button_on_hover=\u00bboff\u00bb min_height=\u00bb230px\u00bb min_height_tablet=\u00bb230px\u00bb min_height_phone=\u00bb230px\u00bb min_height_last_edited=\u00bbon|tablet\u00bb height=\u00bb230px\u00bb height_tablet=\u00bb230px\u00bb height_phone=\u00bb230px\u00bb height_last_edited=\u00bbon|desktop\u00bb max_height=\u00bb230px\u00bb max_height_tablet=\u00bb230px\u00bb max_height_phone=\u00bb230px\u00bb max_height_last_edited=\u00bbon|desktop\u00bb link_option_url=\u00bbhttps:\/\/cacahuetecomunicacion.com\/blog\/transformacion-digital\/\u00bb border_width_all=\u00bb3px\u00bb border_color_all=\u00bb#3E1980&#8243; global_colors_info=\u00bb{}\u00bb header_text_color__hover_enabled=\u00bbon|hover\u00bb header_text_color__hover=\u00bb#FFFFFF\u00bb background_color__hover=\u00bb#40A4D8&#8243; background_enable_color__hover=\u00bbon\u00bb border_width_all__hover_enabled=\u00bbon|hover\u00bb border_color_all__hover=\u00bb#40A4D8&#8243; border_color_all__hover_enabled=\u00bbon|desktop\u00bb border_radii__hover_enabled=\u00bbon|hover\u00bb background__hover_enabled=\u00bbon|hover\u00bb border_width_all__hover=\u00bb3px\u00bb][\/et_pb_cta][\/et_pb_column][et_pb_column type=\u00bb1_4&#8243; _builder_version=\u00bb4.19.3&#8243; _module_preset=\u00bbdefault\u00bb global_colors_info=\u00bb{}\u00bb][et_pb_cta title=\u00bbServicio de Asesoramiento en Ciberseguridad\u00bb _builder_version=\u00bb4.19.3&#8243; _module_preset=\u00bbdefault\u00bb header_font=\u00bb||||||||\u00bb header_text_align=\u00bbleft\u00bb header_text_color=\u00bb#FFFFFF\u00bb background_color=\u00bb#3E1980&#8243; custom_button=\u00bbon\u00bb button_icon=\u00bb&#x26;||divi||400&#8243; button_icon_color=\u00bb#3E1980&#8243; button_on_hover=\u00bboff\u00bb min_height=\u00bb230px\u00bb min_height_tablet=\u00bb230px\u00bb min_height_phone=\u00bb230px\u00bb min_height_last_edited=\u00bbon|tablet\u00bb height=\u00bb230px\u00bb height_tablet=\u00bb230px\u00bb height_phone=\u00bb230px\u00bb height_last_edited=\u00bbon|desktop\u00bb max_height=\u00bb230px\u00bb max_height_tablet=\u00bb230px\u00bb max_height_phone=\u00bb230px\u00bb max_height_last_edited=\u00bbon|desktop\u00bb link_option_url=\u00bbhttps:\/\/cacahuetecomunicacion.com\/blog\/ciberseguridad\/\u00bb border_width_all=\u00bb3px\u00bb border_color_all=\u00bb#3E1980&#8243; global_colors_info=\u00bb{}\u00bb header_text_color__hover_enabled=\u00bbon|hover\u00bb header_text_color__hover=\u00bb#FFFFFF\u00bb background_color__hover=\u00bb#40A4D8&#8243; background_enable_color__hover=\u00bbon\u00bb border_width_all__hover_enabled=\u00bbon|hover\u00bb border_color_all__hover=\u00bb#40A4D8&#8243; border_color_all__hover_enabled=\u00bbon|desktop\u00bb border_radii__hover_enabled=\u00bbon|hover\u00bb background__hover_enabled=\u00bbon|hover\u00bb border_width_all__hover=\u00bb3px\u00bb][\/et_pb_cta][\/et_pb_column][et_pb_column type=\u00bb1_4&#8243; _builder_version=\u00bb4.19.3&#8243; _module_preset=\u00bbdefault\u00bb global_colors_info=\u00bb{}\u00bb][et_pb_cta title=\u00bbServicio de Asesoramiento en Estrategia y Rendimiento de Negocio\u00bb _builder_version=\u00bb4.19.3&#8243; _module_preset=\u00bbdefault\u00bb header_font=\u00bb||||||||\u00bb header_text_align=\u00bbleft\u00bb header_text_color=\u00bb#FFFFFF\u00bb background_color=\u00bb#3E1980&#8243; custom_button=\u00bbon\u00bb button_icon=\u00bb&#x26;||divi||400&#8243; button_icon_color=\u00bb#3E1980&#8243; button_on_hover=\u00bboff\u00bb min_height=\u00bb230px\u00bb min_height_tablet=\u00bb230px\u00bb min_height_phone=\u00bb230px\u00bb min_height_last_edited=\u00bbon|tablet\u00bb height=\u00bb230px\u00bb height_tablet=\u00bb230px\u00bb height_phone=\u00bb230px\u00bb height_last_edited=\u00bbon|desktop\u00bb max_height=\u00bb230px\u00bb max_height_tablet=\u00bb\u00bb max_height_phone=\u00bb\u00bb max_height_last_edited=\u00bbon|desktop\u00bb link_option_url=\u00bbhttps:\/\/cacahuetecomunicacion.com\/blog\/asesoramiento-estrategia\/\u00bb border_width_all=\u00bb3px\u00bb border_color_all=\u00bb#3E1980&#8243; global_colors_info=\u00bb{}\u00bb header_text_color__hover_enabled=\u00bbon|hover\u00bb header_text_color__hover=\u00bb#FFFFFF\u00bb background_color__hover=\u00bb#40A4D8&#8243; background_enable_color__hover=\u00bbon\u00bb border_width_all__hover_enabled=\u00bbon|hover\u00bb border_color_all__hover=\u00bb#40A4D8&#8243; border_color_all__hover_enabled=\u00bbon|desktop\u00bb border_radii__hover_enabled=\u00bbon|hover\u00bb background__hover_enabled=\u00bbon|hover\u00bb border_width_all__hover=\u00bb3px\u00bb][\/et_pb_cta][\/et_pb_column][\/et_pb_row][\/et_pb_section]<\/p>\n","protected":false},"excerpt":{"rendered":"<p>VENTAS DIGITALES Objetivo El principal objetivo de este servicio es establecer la inversi\u00f3n necesaria y las t\u00e9cnicas de marketing digital, incluyendo el aprovechamiento de tecnolog\u00edas de inteligencia artificial, para mejorar el rendimiento de tus ventas en l\u00ednea, y realizaci\u00f3n de un caso de uso adaptado al \u00e1rea de ventas digitales de tu pyme. Actividades El [&hellip;]<\/p>\n","protected":false},"author":1,"featured_media":0,"parent":0,"menu_order":0,"comment_status":"closed","ping_status":"closed","template":"","meta":{"_et_pb_use_builder":"on","_et_pb_old_content":"","_et_gb_content_width":""},"yoast_head":"<!-- This site is optimized with the Yoast SEO plugin v19.12 - https:\/\/yoast.com\/wordpress\/plugins\/seo\/ -->\n<title>Asesoramiento en Ventas Digitales - Cacahuete Comunicaci\u00f3n. Empresa de Comunicaci\u00f3n, Redes Sociales, Community Manager y Social Media en Elche.<\/title>\n<meta name=\"robots\" content=\"index, follow, max-snippet:-1, max-image-preview:large, max-video-preview:-1\" \/>\n<link rel=\"canonical\" href=\"https:\/\/cacahuetecomunicacion.com\/blog\/ventas-digitales\/\" \/>\n<meta property=\"og:locale\" content=\"es_ES\" \/>\n<meta property=\"og:type\" content=\"article\" \/>\n<meta property=\"og:title\" content=\"Asesoramiento en Ventas Digitales - Cacahuete Comunicaci\u00f3n. Empresa de Comunicaci\u00f3n, Redes Sociales, Community Manager y Social Media en Elche.\" \/>\n<meta property=\"og:description\" content=\"VENTAS DIGITALES Objetivo El principal objetivo de este servicio es establecer la inversi\u00f3n necesaria y las t\u00e9cnicas de marketing digital, incluyendo el aprovechamiento de tecnolog\u00edas de inteligencia artificial, para mejorar el rendimiento de tus ventas en l\u00ednea, y realizaci\u00f3n de un caso de uso adaptado al \u00e1rea de ventas digitales de tu pyme. Actividades El [&hellip;]\" \/>\n<meta property=\"og:url\" content=\"https:\/\/cacahuetecomunicacion.com\/blog\/ventas-digitales\/\" \/>\n<meta property=\"og:site_name\" content=\"Cacahuete Comunicaci\u00f3n. Empresa de Comunicaci\u00f3n, Redes Sociales, Community Manager y Social Media en Elche.\" \/>\n<meta property=\"article:modified_time\" content=\"2024-09-30T10:26:20+00:00\" \/>\n<meta property=\"og:image\" content=\"https:\/\/cacahuetecomunicacion.com\/blog\/wp-content\/uploads\/2024\/09\/Kit-consulting-faldon-1536x413.png.webp\" \/>\n<meta name=\"twitter:card\" content=\"summary_large_image\" \/>\n<meta name=\"twitter:label1\" content=\"Tiempo de lectura\" \/>\n\t<meta name=\"twitter:data1\" content=\"4 minutos\" \/>\n<script type=\"application\/ld+json\" class=\"yoast-schema-graph\">{\"@context\":\"https:\/\/schema.org\",\"@graph\":[{\"@type\":\"WebPage\",\"@id\":\"https:\/\/cacahuetecomunicacion.com\/blog\/ventas-digitales\/\",\"url\":\"https:\/\/cacahuetecomunicacion.com\/blog\/ventas-digitales\/\",\"name\":\"Asesoramiento en Ventas Digitales - Cacahuete Comunicaci\u00f3n. Empresa de Comunicaci\u00f3n, Redes Sociales, Community Manager y Social Media en Elche.\",\"isPartOf\":{\"@id\":\"https:\/\/cacahuetecomunicacion.com\/blog\/#website\"},\"datePublished\":\"2024-09-26T08:20:48+00:00\",\"dateModified\":\"2024-09-30T10:26:20+00:00\",\"breadcrumb\":{\"@id\":\"https:\/\/cacahuetecomunicacion.com\/blog\/ventas-digitales\/#breadcrumb\"},\"inLanguage\":\"es\",\"potentialAction\":[{\"@type\":\"ReadAction\",\"target\":[\"https:\/\/cacahuetecomunicacion.com\/blog\/ventas-digitales\/\"]}]},{\"@type\":\"BreadcrumbList\",\"@id\":\"https:\/\/cacahuetecomunicacion.com\/blog\/ventas-digitales\/#breadcrumb\",\"itemListElement\":[{\"@type\":\"ListItem\",\"position\":1,\"name\":\"Portada\",\"item\":\"https:\/\/cacahuetecomunicacion.com\/blog\/\"},{\"@type\":\"ListItem\",\"position\":2,\"name\":\"Asesoramiento en Ventas Digitales\"}]},{\"@type\":\"WebSite\",\"@id\":\"https:\/\/cacahuetecomunicacion.com\/blog\/#website\",\"url\":\"https:\/\/cacahuetecomunicacion.com\/blog\/\",\"name\":\"Cacahuete Comunicaci\u00f3n. Empresa de Comunicaci\u00f3n, Redes Sociales, Community Manager y Social Media en Elche.\",\"description\":\"Cacahuete Comunicaci\u00f3n. Empresa de Comunicaci\u00f3n, Redes Sociales, Community Manager y Social Media en Elche.\",\"potentialAction\":[{\"@type\":\"SearchAction\",\"target\":{\"@type\":\"EntryPoint\",\"urlTemplate\":\"https:\/\/cacahuetecomunicacion.com\/blog\/?s={search_term_string}\"},\"query-input\":\"required name=search_term_string\"}],\"inLanguage\":\"es\"}]}<\/script>\n<!-- \/ Yoast SEO plugin. -->","yoast_head_json":{"title":"Asesoramiento en Ventas Digitales - Cacahuete Comunicaci\u00f3n. Empresa de Comunicaci\u00f3n, Redes Sociales, Community Manager y Social Media en Elche.","robots":{"index":"index","follow":"follow","max-snippet":"max-snippet:-1","max-image-preview":"max-image-preview:large","max-video-preview":"max-video-preview:-1"},"canonical":"https:\/\/cacahuetecomunicacion.com\/blog\/ventas-digitales\/","og_locale":"es_ES","og_type":"article","og_title":"Asesoramiento en Ventas Digitales - Cacahuete Comunicaci\u00f3n. Empresa de Comunicaci\u00f3n, Redes Sociales, Community Manager y Social Media en Elche.","og_description":"VENTAS DIGITALES Objetivo El principal objetivo de este servicio es establecer la inversi\u00f3n necesaria y las t\u00e9cnicas de marketing digital, incluyendo el aprovechamiento de tecnolog\u00edas de inteligencia artificial, para mejorar el rendimiento de tus ventas en l\u00ednea, y realizaci\u00f3n de un caso de uso adaptado al \u00e1rea de ventas digitales de tu pyme. Actividades El [&hellip;]","og_url":"https:\/\/cacahuetecomunicacion.com\/blog\/ventas-digitales\/","og_site_name":"Cacahuete Comunicaci\u00f3n. Empresa de Comunicaci\u00f3n, Redes Sociales, Community Manager y Social Media en Elche.","article_modified_time":"2024-09-30T10:26:20+00:00","og_image":[{"url":"https:\/\/cacahuetecomunicacion.com\/blog\/wp-content\/uploads\/2024\/09\/Kit-consulting-faldon-1536x413.png.webp"}],"twitter_card":"summary_large_image","twitter_misc":{"Tiempo de lectura":"4 minutos"},"schema":{"@context":"https:\/\/schema.org","@graph":[{"@type":"WebPage","@id":"https:\/\/cacahuetecomunicacion.com\/blog\/ventas-digitales\/","url":"https:\/\/cacahuetecomunicacion.com\/blog\/ventas-digitales\/","name":"Asesoramiento en Ventas Digitales - Cacahuete Comunicaci\u00f3n. Empresa de Comunicaci\u00f3n, Redes Sociales, Community Manager y Social Media en Elche.","isPartOf":{"@id":"https:\/\/cacahuetecomunicacion.com\/blog\/#website"},"datePublished":"2024-09-26T08:20:48+00:00","dateModified":"2024-09-30T10:26:20+00:00","breadcrumb":{"@id":"https:\/\/cacahuetecomunicacion.com\/blog\/ventas-digitales\/#breadcrumb"},"inLanguage":"es","potentialAction":[{"@type":"ReadAction","target":["https:\/\/cacahuetecomunicacion.com\/blog\/ventas-digitales\/"]}]},{"@type":"BreadcrumbList","@id":"https:\/\/cacahuetecomunicacion.com\/blog\/ventas-digitales\/#breadcrumb","itemListElement":[{"@type":"ListItem","position":1,"name":"Portada","item":"https:\/\/cacahuetecomunicacion.com\/blog\/"},{"@type":"ListItem","position":2,"name":"Asesoramiento en Ventas Digitales"}]},{"@type":"WebSite","@id":"https:\/\/cacahuetecomunicacion.com\/blog\/#website","url":"https:\/\/cacahuetecomunicacion.com\/blog\/","name":"Cacahuete Comunicaci\u00f3n. Empresa de Comunicaci\u00f3n, Redes Sociales, Community Manager y Social Media en Elche.","description":"Cacahuete Comunicaci\u00f3n. Empresa de Comunicaci\u00f3n, Redes Sociales, Community Manager y Social Media en Elche.","potentialAction":[{"@type":"SearchAction","target":{"@type":"EntryPoint","urlTemplate":"https:\/\/cacahuetecomunicacion.com\/blog\/?s={search_term_string}"},"query-input":"required name=search_term_string"}],"inLanguage":"es"}]}},"_links":{"self":[{"href":"https:\/\/cacahuetecomunicacion.com\/blog\/wp-json\/wp\/v2\/pages\/4777"}],"collection":[{"href":"https:\/\/cacahuetecomunicacion.com\/blog\/wp-json\/wp\/v2\/pages"}],"about":[{"href":"https:\/\/cacahuetecomunicacion.com\/blog\/wp-json\/wp\/v2\/types\/page"}],"author":[{"embeddable":true,"href":"https:\/\/cacahuetecomunicacion.com\/blog\/wp-json\/wp\/v2\/users\/1"}],"replies":[{"embeddable":true,"href":"https:\/\/cacahuetecomunicacion.com\/blog\/wp-json\/wp\/v2\/comments?post=4777"}],"version-history":[{"count":5,"href":"https:\/\/cacahuetecomunicacion.com\/blog\/wp-json\/wp\/v2\/pages\/4777\/revisions"}],"predecessor-version":[{"id":4812,"href":"https:\/\/cacahuetecomunicacion.com\/blog\/wp-json\/wp\/v2\/pages\/4777\/revisions\/4812"}],"wp:attachment":[{"href":"https:\/\/cacahuetecomunicacion.com\/blog\/wp-json\/wp\/v2\/media?parent=4777"}],"curies":[{"name":"wp","href":"https:\/\/api.w.org\/{rel}","templated":true}]}}